se z*h - 253 = y, 5*h + 4*y = y + 605. List the prime factors of h.
2, 31
Let c be (1 + 0)/(25/10 - 2). Suppose c*g + q = -2*g + 1460, 4*g - 1468 = -3*q. Suppose 8*k - g = 4*k. What are the prime factors of k?
7, 13
Suppose -4*q - 4*i = 72, 3*i - 36 = 2*q + q. List the prime factors of 830/q*(-9 - -6).
2, 83
What are the prime factors of 13750/165*729/2?
3, 5
Let a = -393 + 146. Let j(p) = -p**3 - 2*p**2 + 13*p + 7. Let v be j(-9). Let b = a + v. List the prime factors of b.
2, 3, 5, 7
Let p(h) = -15*h + h**3 - 9*h + 9*h**2 + h. Let y be p(-11). What are the prime factors of 856/6 - y/(-33)?
11, 13
Let g(k) = k**2 + 3*k - 12. Suppose -5*o = -2*l + 205, -2*o + 0 = -6. Suppose s - 11*s = -l. List the prime factors of g(s).
2, 71
Let l be (-1)/(((-20)/35)/(-4)). Let y be -4*(8/2 - l/(-2)). List the prime factors of ((y + 8)*-1)/(-2) + 191.
2, 97
Suppose 27 = -3*k + 3*q, k - 5*q = -14 + 1. Let a(y) = -73*y + 81. What are the prime factors of a(k)?
5, 7, 19
Let x(c) be the second derivative of 11*c**4 + c**3 + 8*c**2 - 26*c. List the prime factors of x(-2).
2, 7, 19
Suppose -4*i - 98361 = -3*l, 22*l - i = 17*l + 163901. What are the prime factors of l?
32779
Let p(c) = 19*c + 4. Let z(j) = j - 1. Let d(m) = -p(m) + 5*z(m). Let w be d(-14). Let s = w + -32. What are the prime factors of s?
5, 31
List the prime factors of 400074/54 - (-32)/144.
31, 239
Let t(i) = -7*i**3 + 43*i**2 + 120*i + 136. Let r(a) = -3*a**3 + 22*a**2 + 60*a + 67. Let u(b) = -5*r(b) + 2*t(b). List the prime factors of u(27).
2, 3, 7
Suppose 8*t = -4365 + 17381. Suppose -341 + t = 2*d. What are the prime factors of d?
643
Suppose -17630624 = 40*i - 392*i. What are the prime factors of i?
50087
Let o = 4334 + -2704. Let w = -777 + o. What are the prime factors of w?
853
What are the prime factors of (-47624)/(-6) + 0 + 1672/(-66) + 25?
7937
Suppose 9 - 45 = 6*n. Let y(d) = 2*d - 50. Let o be y(n). Let a = 21 - o. What are the prime factors of a?
83
Suppose -7*y + 3429 = -2864. Suppose 181 = 9*v - y. List the prime factors of v.
2, 3, 5
Let b(a) = -52*a + 77*a**2 + 49*a + 4 - 15*a**2. Let c be b(2). Suppose -5*g + z = -440, -2*z - c = -3*g - 5*z. List the prime factors of g.
3, 29
Suppose 2*j + 12 = 6*j. Suppose -5*a + 4*r + 4 = 0, -j*a = r - 6 - 10. Suppose q - a*q = -516. List the prime factors of q.
2, 43
Let p(y) be the third derivative of -1601*y**4/24 + 19*y**3/2 - 181*y**2. List the prime factors of p(-1).
2, 829
Suppose 0 = -2*a - 4*n + 3 + 3, -4*n - 21 = -a. Suppose -14*w + a*w = -345. What are the prime factors of w - (-2 + -2 - -7)?
2, 3, 11
Let k(j) = 120*j**2 - j + 19. Let v be k(9). List the prime factors of (-1)/((-19 - -9)/v).
7, 139
Suppose 41298 = 5*n - 21662. List the prime factors of n.
2, 787
Suppose -5*t = -9*t + 3*o + 95113, 4*o + 380492 = 16*t. List the prime factors of t.
2, 11, 23, 47
Suppose -187868 = -5*v + s, -94*v + 4*s - 37561 = -95*v. List the prime factors of v.
37573
Let i = -7766 - -12319. What are the prime factors of i?
29, 157
Suppose i - 91 = -25. Let q = -57 + i. Suppose 4*j = q*j - 790. What are the prime factors of j?
2, 79
Let q(m) = 3443*m**2 - 148*m - 150. What are the prime factors of q(-1)?
3, 31, 37
Let o = 26 - 28. What are the prime factors of o/(-8) + (-2 - (-975)/4)?
2, 11
Let b(i) = -i**2 + 20*i - 7. Let m be b(19). List the prime factors of (m/(-10))/((-11)/((-31900)/(-8))).
3, 5, 29
Suppose -3*f + 5*f - 57 = 3*k, 5*f + 4*k - 108 = 0. Suppose 2*w + g - f = 10, -4*g + 76 = 4*w. Let n(y) = 4*y - 25. What are the prime factors of n(w)?
5, 7
Let j(s) = 54 + 70*s - 135*s + 29 + 75*s. List the prime factors of j(4).
3, 41
Let t = -236 - -140. Let v = -96 - t. Suppose -5 = a, 2*a = -5*w - v*a + 590. What are the prime factors of w?
2, 3, 5
Suppose -5*r = f - 3*f + 18, 5*f - 22 = r. Suppose 134 = i - 0*i + 4*c, -f*c - 134 = -i. Suppose i - 31 = b. List the prime factors of b.
103
List the prime factors of (-383094)/(-75) - (1 + 27/(-25)).
2, 1277
Suppose -65*a - 3*g = -67*a + 1841, 3658 = 4*a + 2*g. What are the prime factors of a?
2, 229
Let k be ((-8)/(-12))/((-2)/3)*-3. Suppose -2*p + 5*j = k*j - 3038, -3*p - 2*j = -4547. What are the prime factors of p?
37, 41
Let u(y) = y**2 + y. Let q(s) = -8*s**2 + 1. Let d(h) = -q(h) + 2*u(h). Let t be (-93)/62*2/3. What are the prime factors of d(t)?
7
Let c = -53 + 224. Let w = 188 + -97. Let n = c - w. What are the prime factors of n?
2, 5
Suppose 0 = y - 5*i - 5628, -119*y + 120*y - 2*i = 5631. What are the prime factors of y?
43, 131
Suppose -4*l + 2*v = -0*l - 8, -2*l = 3*v - 4. Suppose l*x + 2*f = 482, -4*f + 488 = 2*x - 0*f. List the prime factors of x.
2, 7, 17
Suppose -5*j + 3*u + 19 = 0, -2*j = -6*j - 3*u - 1. Suppose -4*k + 1199 = 5*l, j*k + 235 = l + 4*k. List the prime factors of l.
3
Suppose -27*p + 32*p - 840 = 0. Let n = p - 320. Let h = -113 - n. What are the prime factors of h?
3, 13
Suppose 2*x = -4*n + 8, -4*x = -0*n - n + 20. Suppose 5*v - 3234 = n*h, h + 1712 = 3*v - 227. What are the prime factors of v?
2, 17, 19
Let r(m) = 25034*m - 325. What are the prime factors of r(1)?
24709
Let f = 114 - 111. Suppose -f*p - 29 = -5*a, 2*p - 6 = -5*a + 8. Suppose -s - a*k = -0*s - 6, -s = 5*k - 7. What are the prime factors of s?
2
Suppose 180064 = 10*t + 7*t. Suppose 21*r - t = 580. List the prime factors of r.
2, 7, 19
Suppose -15*l - 88263 + 449538 = 0. List the prime factors of l.
5, 4817
Let c = -9233 + 23412. List the prime factors of c.
11, 1289
Let g = -19 + 168. Let z = -186 - -189. Suppose 0 = 2*l - z*y - g, 4*l - 243 = -0*l - 5*y. List the prime factors of l.
67
Let h(v) = 2*v - 6. Let k be h(4). Suppose -33*g - 1928 = 2626. Let o = k - g. List the prime factors of o.
2, 5, 7
Let h(q) = -q**2 + 467*q + 680. What are the prime factors of h(0)?
2, 5, 17
Suppose -x - 5*c + 962 = 0, 5*x + 4*c = 2556 + 2317. Let p = x + -526. What are the prime factors of p?
11, 41
Let o = 104 + -99. List the prime factors of o/(25/2030)*1.
2, 7, 29
What are the prime factors of 11000/4500 - 1263034/(-18)?
47, 1493
Let w = 51 + -86. Let t = 2372 + -2372. What are the prime factors of (t + 1)/((-1)/w)?
5, 7
Suppose 3*g + 22 = 5*x, 0 = g + x - 9 + 3. Let k be ((-14)/4)/(42/(-24)). List the prime factors of k - (-102 + -1 + 3) - g.
101
Let t be 3 - 0 - (-14 - (-4 + 0)). Suppose -t*o + 3783 = 1183. What are the prime factors of o?
2, 5
Let y = -873 + 990. Let t = 0 + 2. List the prime factors of (t + -1)/(3/y).
3, 13
Let z(t) = 103*t**2 - 156*t + 2. What are the prime factors of z(-4)?
2, 3, 379
Suppose 0 = x - 5*r - 3495 - 5154, 2*r - 43218 = -5*x. List the prime factors of x.
2, 2161
Suppose -s - 89628 = -3*a, 4*a - 57541 = 4*s + 61955. List the prime factors of a.
3, 23, 433
Let d = 1851 - 981. Let r = 1498 - d. List the prime factors of r.
2, 157
Let w(y) = 2*y**3 - 8*y**2 + y + 11. Let r be w(5). Suppose 67 = -65*j + r*j. List the prime factors of j.
67
Let a(w) = -4*w - 20. Let l be a(5). Let d = l + 44. Let k(g) = 3*g**3 - 5*g**2 - 2*g - 8. What are the prime factors of k(d)?
2, 3
Let j(m) = -163*m. Let d be j(-3). Let h be -1*(-3)/(-1) + -234. Let l = h + d. What are the prime factors of l?
2, 3, 7
Suppose -4*y + 2*y = -f - 3, -3*f - 9 = -y. Suppose -5*m - u - u + 683 = 0, y = -4*m + 5*u + 520. Let k = m + -6. List the prime factors of k.
3, 43
Suppose -4*t + 77 = -2*q - 41, 5*t + 15 = 0. Let m = q - -412. What are the prime factors of m?
347
Suppose -4*j = 4*p + 24090 - 148406, -5*p - 3*j + 155381 = 0. List the prime factors of p.
2, 971
Let t be 1/((-7)/(-19642)*-2). Let i = 2739 + t. List the prime factors of i.
2, 167
Let a(j) = -43*j + 13. Let b be a(2). Let c = b + 1100. List the prime factors of c.
13, 79
Let q be 2 + 6 + -1 + 0. Suppose 4*a = 3*j + 252, -4*a - 189 = -q*a + 4*j. Suppose 0 = 2*y + 3*n - 101, 4*y - 3*y = n + a. List the prime factors of y.
2, 29
Suppose -7*x - 243 = 20*x. List the prime factors of -20002*x/162 - (-6)/(-27).
11, 101
Let g(c) = 134*c**3 + 5*c**2 - 12*c + 17. List the prime factors of g(4).
3, 5, 23
Let k be (192/(-16))/4 + 50. Let s = -1018 - -1434. Suppose k*j + s = 49*j. List the prime factors of j.
2, 13
Let q(w) = 314*w**2 - 70*w + 89. List the prime factors of q(7).
3, 5, 37
Let j(m) = 3*m**2 - 18*m - 2. Let f = -31 + 63. Let u = 40 - f. List 